{"id":7,"date":"2021-03-15T22:47:00","date_gmt":"2021-03-15T22:47:00","guid":{"rendered":"http:\/\/www.vespa-garage-berlin.de\/?page_id=7"},"modified":"2022-05-07T08:00:26","modified_gmt":"2022-05-07T08:00:26","slug":"kontakt","status":"publish","type":"page","link":"https:\/\/www.vespa-garage-berlin.de\/?page_id=7","title":{"rendered":"\u00dcber mich"},"content":{"rendered":"\t\t<div data-elementor-type=\"wp-page\" data-elementor-id=\"7\" class=\"elementor elementor-7\">\n\t\t\t\t\t\t\t\t\t<section class=\"elementor-section elementor-top-section elementor-element elementor-element-b55f1b0 elementor-section-boxed elementor-section-height-default elementor-section-height-default\" data-id=\"b55f1b0\" data-element_type=\"section\">\n\t\t\t\t\t\t<div class=\"elementor-container elementor-column-gap-default\">\n\t\t\t\t\t<div class=\"elementor-column elementor-col-33 elementor-top-column elementor-element elementor-element-3e2cd4b\" data-id=\"3e2cd4b\" data-element_type=\"column\">\n\t\t\t<div class=\"elementor-widget-wrap elementor-element-populated\">\n\t\t\t\t\t\t\t\t<div class=\"elementor-element elementor-element-765ae8e elementor-widget elementor-widget-image\" data-id=\"765ae8e\" data-element_type=\"widget\" data-widget_type=\"image.default\">\n\t\t\t\t<div class=\"elementor-widget-container\">\n\t\t\t\t\t\t\t\t\t\t\t\t\t\t\t<img decoding=\"async\" loading=\"lazy\" width=\"218\" height=\"218\" src=\"https:\/\/www.vespa-garage-berlin.de\/wp-content\/uploads\/2021\/03\/8910-1.jpg\" class=\"attachment-large size-large wp-image-321\" alt=\"\" srcset=\"https:\/\/www.vespa-garage-berlin.de\/wp-content\/uploads\/2021\/03\/8910-1.jpg 218w, https:\/\/www.vespa-garage-berlin.de\/wp-content\/uploads\/2021\/03\/8910-1-150x150.jpg 150w\" sizes=\"(max-width: 218px) 100vw, 218px\" \/>\t\t\t\t\t\t\t\t\t\t\t\t\t\t\t<\/div>\n\t\t\t\t<\/div>\n\t\t\t\t<div class=\"elementor-element elementor-element-b4e4908 elementor-widget elementor-widget-image\" data-id=\"b4e4908\" data-element_type=\"widget\" data-widget_type=\"image.default\">\n\t\t\t\t<div class=\"elementor-widget-container\">\n\t\t\t\t\t\t\t\t\t\t\t\t\t\t\t\t<a href=\"https:\/\/www.vespa-garage-berlin.de\/wp-content\/uploads\/2022\/04\/KeineVespaIstAuchKeineLoesung_InvertRed.jpg\" data-elementor-open-lightbox=\"yes\" data-e-action-hash=\"#elementor-action%3Aaction%3Dlightbox%26settings%3DeyJpZCI6MzcwNCwidXJsIjoiaHR0cHM6XC9cL3d3dy52ZXNwYS1nYXJhZ2UtYmVybGluLmRlXC93cC1jb250ZW50XC91cGxvYWRzXC8yMDIyXC8wNFwvS2VpbmVWZXNwYUlzdEF1Y2hLZWluZUxvZXN1bmdfSW52ZXJ0UmVkLmpwZyJ9\">\n\t\t\t\t\t\t\t<img decoding=\"async\" loading=\"lazy\" width=\"272\" height=\"383\" src=\"https:\/\/www.vespa-garage-berlin.de\/wp-content\/uploads\/2022\/04\/KeineVespaIstAuchKeineLoesung_InvertRed.jpg\" class=\"attachment-large size-large wp-image-3704\" alt=\"\" srcset=\"https:\/\/www.vespa-garage-berlin.de\/wp-content\/uploads\/2022\/04\/KeineVespaIstAuchKeineLoesung_InvertRed.jpg 272w, https:\/\/www.vespa-garage-berlin.de\/wp-content\/uploads\/2022\/04\/KeineVespaIstAuchKeineLoesung_InvertRed-213x300.jpg 213w\" sizes=\"(max-width: 272px) 100vw, 272px\" \/>\t\t\t\t\t\t\t\t<\/a>\n\t\t\t\t\t\t\t\t\t\t\t\t\t\t\t<\/div>\n\t\t\t\t<\/div>\n\t\t\t\t\t<\/div>\n\t\t<\/div>\n\t\t\t\t<div class=\"elementor-column elementor-col-66 elementor-top-column elementor-element elementor-element-5e26c9a\" data-id=\"5e26c9a\" data-element_type=\"column\">\n\t\t\t<div class=\"elementor-widget-wrap elementor-element-populated\">\n\t\t\t\t\t\t\t\t<div class=\"elementor-element elementor-element-1d9cd5d elementor-widget elementor-widget-heading\" data-id=\"1d9cd5d\" data-element_type=\"widget\" data-widget_type=\"heading.default\">\n\t\t\t\t<div class=\"elementor-widget-container\">\n\t\t\t<h2 class=\"elementor-heading-title elementor-size-medium\">Hi, mein Name ist Oliver,<\/h2>\t\t<\/div>\n\t\t\t\t<\/div>\n\t\t\t\t<div class=\"elementor-element elementor-element-890e3af elementor-widget elementor-widget-text-editor\" data-id=\"890e3af\" data-element_type=\"widget\" data-widget_type=\"text-editor.default\">\n\t\t\t\t<div class=\"elementor-widget-container\">\n\t\t\t\t\t\t\t<p>auf dieser Page geht es im Wesentlichen um mein liebstes Hobby: &#8222;Vespa&#8220; in den unterschiedlichsten Auspr\u00e4gungen\u2026<\/p>\t\t\t\t\t\t<\/div>\n\t\t\t\t<\/div>\n\t\t\t\t<div class=\"elementor-element elementor-element-3ee3851 elementor-widget elementor-widget-text-editor\" data-id=\"3ee3851\" data-element_type=\"widget\" data-widget_type=\"text-editor.default\">\n\t\t\t\t<div class=\"elementor-widget-container\">\n\t\t\t\t\t\t\t<p>Zum Gl\u00fcck kann ich einige dieser, im Ursprung Italienischen, Zweir\u00e4der mein eigen nennen, und k\u00fcmmere mich um die Pflege, Wartung und Instandsetzung meiner Sch\u00e4tze, wenn ich nicht gerade mit einem davon unterwegs bin\u2026<\/p>\t\t\t\t\t\t<\/div>\n\t\t\t\t<\/div>\n\t\t\t\t<div class=\"elementor-element elementor-element-8c3a0a2 elementor-widget elementor-widget-text-editor\" data-id=\"8c3a0a2\" data-element_type=\"widget\" data-widget_type=\"text-editor.default\">\n\t\t\t\t<div class=\"elementor-widget-container\">\n\t\t\t\t\t\t\t<p>Im Grunde gilt das Selbe auch f\u00fcr Dennis und Flo, zwei Freunde aus dem <a href=\"https:\/\/vespalinge.de\">Club<\/a>, ( <a href=\"https:\/\/www.facebook.com\/Vespalinge\/\">Vespalinge@facebook<\/a> ) die mit mir, unsere Garage bev\u00f6lkern\u2026<\/p>\t\t\t\t\t\t<\/div>\n\t\t\t\t<\/div>\n\t\t\t\t<div class=\"elementor-element elementor-element-2971f7b elementor-widget elementor-widget-text-editor\" data-id=\"2971f7b\" data-element_type=\"widget\" data-widget_type=\"text-editor.default\">\n\t\t\t\t<div class=\"elementor-widget-container\">\n\t\t\t\t\t\t\t<p>Oft kommen auch noch weitere &#8222;<a href=\"https:\/\/www.vespa-garage-berlin.de\/?page_id=566\">G\u00e4ste<\/a>&#8220; dazu, die einfach mal schauen, \u00d6l wechseln, Luft tanken, Kaffee, Wasser, ein Bier trinken oder mit uns grillen m\u00f6chten&#8230;<\/p>\t\t\t\t\t\t<\/div>\n\t\t\t\t<\/div>\n\t\t\t\t<div class=\"elementor-element elementor-element-7cbe766 elementor-widget elementor-widget-text-editor\" data-id=\"7cbe766\" data-element_type=\"widget\" data-widget_type=\"text-editor.default\">\n\t\t\t\t<div class=\"elementor-widget-container\">\n\t\t\t\t\t\t\t<p>Drive save or Stay@YourGarage&#8230; \ud83d\ude09\u00a0<br \/>Ollie<\/p>\t\t\t\t\t\t<\/div>\n\t\t\t\t<\/div>\n\t\t\t\t\t<\/div>\n\t\t<\/div>\n\t\t\t\t\t\t\t<\/div>\n\t\t<\/section>\n\t\t\t\t<section class=\"elementor-section elementor-top-section elementor-element elementor-element-c479fb9 elementor-section-boxed elementor-section-height-default elementor-section-height-default\" data-id=\"c479fb9\" data-element_type=\"section\">\n\t\t\t\t\t\t<div class=\"elementor-container elementor-column-gap-default\">\n\t\t\t\t\t<div class=\"elementor-column elementor-col-100 elementor-top-column elementor-element elementor-element-abc7d4d\" data-id=\"abc7d4d\" data-element_type=\"column\">\n\t\t\t<div class=\"elementor-widget-wrap elementor-element-populated\">\n\t\t\t\t\t\t\t\t<div class=\"elementor-element elementor-element-9732762 elementor-pagination-position-outside elementor-widget elementor-widget-image-carousel\" data-id=\"9732762\" data-element_type=\"widget\" data-settings=\"{&quot;navigation&quot;:&quot;dots&quot;,&quot;autoplay_speed&quot;:4000,&quot;autoplay&quot;:&quot;yes&quot;,&quot;pause_on_hover&quot;:&quot;yes&quot;,&quot;pause_on_interaction&quot;:&quot;yes&quot;,&quot;infinite&quot;:&quot;yes&quot;,&quot;speed&quot;:500}\" data-widget_type=\"image-carousel.default\">\n\t\t\t\t<div class=\"elementor-widget-container\">\n\t\t\t\t\t<div class=\"elementor-image-carousel-wrapper swiper-container\" dir=\"ltr\">\n\t\t\t<div class=\"elementor-image-carousel swiper-wrapper\" aria-live=\"off\">\n\t\t\t\t\t\t\t\t<div class=\"swiper-slide\" role=\"group\" aria-roledescription=\"slide\" aria-label=\"1 of 15\"><figure class=\"swiper-slide-inner\"><img decoding=\"async\" class=\"swiper-slide-image\" src=\"https:\/\/www.vespa-garage-berlin.de\/wp-content\/uploads\/2021\/03\/IMG_0600-150x150.jpg\" alt=\"IMG_0600\" \/><\/figure><\/div><div class=\"swiper-slide\" role=\"group\" aria-roledescription=\"slide\" aria-label=\"2 of 15\"><figure class=\"swiper-slide-inner\"><img decoding=\"async\" class=\"swiper-slide-image\" src=\"https:\/\/www.vespa-garage-berlin.de\/wp-content\/uploads\/2021\/03\/IMG_5206-150x150.jpg\" alt=\"IMG_5206\" \/><\/figure><\/div><div class=\"swiper-slide\" role=\"group\" aria-roledescription=\"slide\" aria-label=\"3 of 15\"><figure class=\"swiper-slide-inner\"><img decoding=\"async\" class=\"swiper-slide-image\" src=\"https:\/\/www.vespa-garage-berlin.de\/wp-content\/uploads\/2021\/03\/PX_Black_004-150x150.jpeg\" alt=\"PX_Black_004\" \/><\/figure><\/div><div class=\"swiper-slide\" role=\"group\" aria-roledescription=\"slide\" aria-label=\"4 of 15\"><figure class=\"swiper-slide-inner\"><img decoding=\"async\" class=\"swiper-slide-image\" src=\"https:\/\/www.vespa-garage-berlin.de\/wp-content\/uploads\/2021\/03\/IMG_8866-150x150.jpg\" alt=\"IMG_8866\" \/><\/figure><\/div><div class=\"swiper-slide\" role=\"group\" aria-roledescription=\"slide\" aria-label=\"5 of 15\"><figure class=\"swiper-slide-inner\"><img decoding=\"async\" class=\"swiper-slide-image\" src=\"https:\/\/www.vespa-garage-berlin.de\/wp-content\/uploads\/2021\/03\/IMG_8737-150x150.jpg\" alt=\"IMG_8737\" \/><\/figure><\/div><div class=\"swiper-slide\" role=\"group\" aria-roledescription=\"slide\" aria-label=\"6 of 15\"><figure class=\"swiper-slide-inner\"><img decoding=\"async\" class=\"swiper-slide-image\" src=\"https:\/\/www.vespa-garage-berlin.de\/wp-content\/uploads\/2021\/03\/IMG_5261-150x150.jpg\" alt=\"IMG_5261\" \/><\/figure><\/div><div class=\"swiper-slide\" role=\"group\" aria-roledescription=\"slide\" aria-label=\"7 of 15\"><figure class=\"swiper-slide-inner\"><img decoding=\"async\" class=\"swiper-slide-image\" src=\"https:\/\/www.vespa-garage-berlin.de\/wp-content\/uploads\/2021\/03\/3822-150x150.jpg\" alt=\"3822\" \/><\/figure><\/div><div class=\"swiper-slide\" role=\"group\" aria-roledescription=\"slide\" aria-label=\"8 of 15\"><figure class=\"swiper-slide-inner\"><img decoding=\"async\" class=\"swiper-slide-image\" src=\"https:\/\/www.vespa-garage-berlin.de\/wp-content\/uploads\/2021\/03\/3808-150x150.jpg\" alt=\"3808\" \/><\/figure><\/div><div class=\"swiper-slide\" role=\"group\" aria-roledescription=\"slide\" aria-label=\"9 of 15\"><figure class=\"swiper-slide-inner\"><img decoding=\"async\" class=\"swiper-slide-image\" src=\"https:\/\/www.vespa-garage-berlin.de\/wp-content\/uploads\/2021\/03\/3256-150x150.jpg\" alt=\"3256\" \/><\/figure><\/div><div class=\"swiper-slide\" role=\"group\" aria-roledescription=\"slide\" aria-label=\"10 of 15\"><figure class=\"swiper-slide-inner\"><img decoding=\"async\" class=\"swiper-slide-image\" src=\"https:\/\/www.vespa-garage-berlin.de\/wp-content\/uploads\/2022\/02\/IMG_3783-150x150.jpg\" alt=\"IMG_3783\" \/><\/figure><\/div><div class=\"swiper-slide\" role=\"group\" aria-roledescription=\"slide\" aria-label=\"11 of 15\"><figure class=\"swiper-slide-inner\"><img decoding=\"async\" class=\"swiper-slide-image\" src=\"https:\/\/www.vespa-garage-berlin.de\/wp-content\/uploads\/2021\/09\/tim_und_tony_rally-150x150.jpg\" alt=\"MEDION DIGITAL CAMERA\" \/><\/figure><\/div><div class=\"swiper-slide\" role=\"group\" aria-roledescription=\"slide\" aria-label=\"12 of 15\"><figure class=\"swiper-slide-inner\"><img decoding=\"async\" class=\"swiper-slide-image\" src=\"https:\/\/www.vespa-garage-berlin.de\/wp-content\/uploads\/2021\/07\/IMG_3233-150x150.jpg\" alt=\"IMG_3233\" \/><\/figure><\/div><div class=\"swiper-slide\" role=\"group\" aria-roledescription=\"slide\" aria-label=\"13 of 15\"><figure class=\"swiper-slide-inner\"><img decoding=\"async\" class=\"swiper-slide-image\" src=\"https:\/\/www.vespa-garage-berlin.de\/wp-content\/uploads\/2021\/04\/URPI5532-150x150.jpg\" alt=\"URPI5532\" \/><\/figure><\/div><div class=\"swiper-slide\" role=\"group\" aria-roledescription=\"slide\" aria-label=\"14 of 15\"><figure class=\"swiper-slide-inner\"><img decoding=\"async\" class=\"swiper-slide-image\" src=\"https:\/\/www.vespa-garage-berlin.de\/wp-content\/uploads\/2021\/04\/IMG_0214-150x150.jpg\" alt=\"IMG_0214\" \/><\/figure><\/div><div class=\"swiper-slide\" role=\"group\" aria-roledescription=\"slide\" aria-label=\"15 of 15\"><figure class=\"swiper-slide-inner\"><img decoding=\"async\" class=\"swiper-slide-image\" src=\"https:\/\/www.vespa-garage-berlin.de\/wp-content\/uploads\/2021\/04\/IMG_1804-150x150.jpg\" alt=\"IMG_1804\" \/><\/figure><\/div>\t\t\t<\/div>\n\t\t\t\t\t\t\t\n\t\t\t\t\t\t\t\t\t<div class=\"swiper-pagination\"><\/div>\n\t\t\t\t\t\t\t\t\t<\/div>\n\t\t\t\t<\/div>\n\t\t\t\t<\/div>\n\t\t\t\t\t<\/div>\n\t\t<\/div>\n\t\t\t\t\t\t\t<\/div>\n\t\t<\/section>\n\t\t\t\t<section class=\"elementor-section elementor-top-section elementor-element elementor-element-55d1baf elementor-section-boxed elementor-section-height-default elementor-section-height-default\" data-id=\"55d1baf\" data-element_type=\"section\">\n\t\t\t\t\t\t<div class=\"elementor-container elementor-column-gap-default\">\n\t\t\t\t\t<div class=\"elementor-column elementor-col-33 elementor-top-column elementor-element elementor-element-7a725a6\" data-id=\"7a725a6\" data-element_type=\"column\">\n\t\t\t<div class=\"elementor-widget-wrap elementor-element-populated\">\n\t\t\t\t\t\t\t\t<div class=\"elementor-element elementor-element-f676877 elementor-widget elementor-widget-image\" data-id=\"f676877\" data-element_type=\"widget\" data-widget_type=\"image.default\">\n\t\t\t\t<div class=\"elementor-widget-container\">\n\t\t\t\t\t\t\t\t\t\t\t\t\t\t\t\t<a href=\"https:\/\/www.vespa-garage-berlin.de\/wp-content\/uploads\/2021\/09\/v50.jpg\" data-elementor-open-lightbox=\"yes\" data-e-action-hash=\"#elementor-action%3Aaction%3Dlightbox%26settings%3DeyJpZCI6MzE2NiwidXJsIjoiaHR0cHM6XC9cL3d3dy52ZXNwYS1nYXJhZ2UtYmVybGluLmRlXC93cC1jb250ZW50XC91cGxvYWRzXC8yMDIxXC8wOVwvdjUwLmpwZyJ9\">\n\t\t\t\t\t\t\t<img decoding=\"async\" loading=\"lazy\" width=\"388\" height=\"579\" src=\"https:\/\/www.vespa-garage-berlin.de\/wp-content\/uploads\/2021\/09\/v50.jpg\" class=\"attachment-large size-large wp-image-3166\" alt=\"\" srcset=\"https:\/\/www.vespa-garage-berlin.de\/wp-content\/uploads\/2021\/09\/v50.jpg 388w, https:\/\/www.vespa-garage-berlin.de\/wp-content\/uploads\/2021\/09\/v50-201x300.jpg 201w\" sizes=\"(max-width: 388px) 100vw, 388px\" \/>\t\t\t\t\t\t\t\t<\/a>\n\t\t\t\t\t\t\t\t\t\t\t\t\t\t\t<\/div>\n\t\t\t\t<\/div>\n\t\t\t\t<div class=\"elementor-element elementor-element-34e81e3 elementor-widget elementor-widget-image\" data-id=\"34e81e3\" data-element_type=\"widget\" data-widget_type=\"image.default\">\n\t\t\t\t<div class=\"elementor-widget-container\">\n\t\t\t\t\t\t\t\t\t\t\t\t\t\t\t\t<a href=\"https:\/\/www.vespa-garage-berlin.de\/wp-content\/uploads\/2021\/10\/IMG_1788-scaled.jpg\" data-elementor-open-lightbox=\"yes\" data-e-action-hash=\"#elementor-action%3Aaction%3Dlightbox%26settings%3DeyJpZCI6MzU2OCwidXJsIjoiaHR0cHM6XC9cL3d3dy52ZXNwYS1nYXJhZ2UtYmVybGluLmRlXC93cC1jb250ZW50XC91cGxvYWRzXC8yMDIxXC8xMFwvSU1HXzE3ODgtc2NhbGVkLmpwZyJ9\">\n\t\t\t\t\t\t\t<img decoding=\"async\" loading=\"lazy\" width=\"1024\" height=\"768\" src=\"https:\/\/www.vespa-garage-berlin.de\/wp-content\/uploads\/2021\/10\/IMG_1788-1024x768.jpg\" class=\"attachment-large size-large wp-image-3568\" alt=\"\" srcset=\"https:\/\/www.vespa-garage-berlin.de\/wp-content\/uploads\/2021\/10\/IMG_1788-1024x768.jpg 1024w, https:\/\/www.vespa-garage-berlin.de\/wp-content\/uploads\/2021\/10\/IMG_1788-300x225.jpg 300w, https:\/\/www.vespa-garage-berlin.de\/wp-content\/uploads\/2021\/10\/IMG_1788-768x576.jpg 768w, https:\/\/www.vespa-garage-berlin.de\/wp-content\/uploads\/2021\/10\/IMG_1788-1536x1152.jpg 1536w, https:\/\/www.vespa-garage-berlin.de\/wp-content\/uploads\/2021\/10\/IMG_1788-2048x1536.jpg 2048w\" sizes=\"(max-width: 1024px) 100vw, 1024px\" \/>\t\t\t\t\t\t\t\t<\/a>\n\t\t\t\t\t\t\t\t\t\t\t\t\t\t\t<\/div>\n\t\t\t\t<\/div>\n\t\t\t\t<div class=\"elementor-element elementor-element-caa3f9b elementor-widget elementor-widget-image\" data-id=\"caa3f9b\" data-element_type=\"widget\" data-widget_type=\"image.default\">\n\t\t\t\t<div class=\"elementor-widget-container\">\n\t\t\t\t\t\t\t\t\t\t\t\t\t\t\t\t<a href=\"https:\/\/www.vespa-garage-berlin.de\/wp-content\/uploads\/2021\/09\/IMG_3393-scaled.jpg\" data-elementor-open-lightbox=\"yes\" data-e-action-hash=\"#elementor-action%3Aaction%3Dlightbox%26settings%3DeyJpZCI6MzM1NywidXJsIjoiaHR0cHM6XC9cL3d3dy52ZXNwYS1nYXJhZ2UtYmVybGluLmRlXC93cC1jb250ZW50XC91cGxvYWRzXC8yMDIxXC8wOVwvSU1HXzMzOTMtc2NhbGVkLmpwZyJ9\">\n\t\t\t\t\t\t\t<img decoding=\"async\" loading=\"lazy\" width=\"1024\" height=\"732\" src=\"https:\/\/www.vespa-garage-berlin.de\/wp-content\/uploads\/2021\/09\/IMG_3393-1024x732.jpg\" class=\"attachment-large size-large wp-image-3357\" alt=\"\" srcset=\"https:\/\/www.vespa-garage-berlin.de\/wp-content\/uploads\/2021\/09\/IMG_3393-1024x732.jpg 1024w, https:\/\/www.vespa-garage-berlin.de\/wp-content\/uploads\/2021\/09\/IMG_3393-300x215.jpg 300w, https:\/\/www.vespa-garage-berlin.de\/wp-content\/uploads\/2021\/09\/IMG_3393-768x549.jpg 768w, https:\/\/www.vespa-garage-berlin.de\/wp-content\/uploads\/2021\/09\/IMG_3393-1536x1099.jpg 1536w, https:\/\/www.vespa-garage-berlin.de\/wp-content\/uploads\/2021\/09\/IMG_3393-2048x1465.jpg 2048w\" sizes=\"(max-width: 1024px) 100vw, 1024px\" \/>\t\t\t\t\t\t\t\t<\/a>\n\t\t\t\t\t\t\t\t\t\t\t\t\t\t\t<\/div>\n\t\t\t\t<\/div>\n\t\t\t\t\t<\/div>\n\t\t<\/div>\n\t\t\t\t<div class=\"elementor-column elementor-col-66 elementor-top-column elementor-element elementor-element-9a5ba8b\" data-id=\"9a5ba8b\" data-element_type=\"column\">\n\t\t\t<div class=\"elementor-widget-wrap elementor-element-populated\">\n\t\t\t\t\t\t\t\t<div class=\"elementor-element elementor-element-629f241 elementor-widget elementor-widget-heading\" data-id=\"629f241\" data-element_type=\"widget\" data-widget_type=\"heading.default\">\n\t\t\t\t<div class=\"elementor-widget-container\">\n\t\t\t<h2 class=\"elementor-heading-title elementor-size-medium\">Meine Vespa Historie...<\/h2>\t\t<\/div>\n\t\t\t\t<\/div>\n\t\t\t\t<div class=\"elementor-element elementor-element-a0a10cb elementor-widget elementor-widget-text-editor\" data-id=\"a0a10cb\" data-element_type=\"widget\" data-widget_type=\"text-editor.default\">\n\t\t\t\t<div class=\"elementor-widget-container\">\n\t\t\t\t\t\t\t<p>Angefangen mit dem &#8222;Vespa-Virus&#8220; hat es bei mir 1996 mit einer orangenen Vespa 50 N Spezial von 1976\/77?? die ich mir (damals, mit 19) &#8222;spasseshalber&#8220; angelacht habe&#8230;<\/p>\t\t\t\t\t\t<\/div>\n\t\t\t\t<\/div>\n\t\t\t\t<div class=\"elementor-element elementor-element-55e90f2 elementor-widget elementor-widget-text-editor\" data-id=\"55e90f2\" data-element_type=\"widget\" data-widget_type=\"text-editor.default\">\n\t\t\t\t<div class=\"elementor-widget-container\">\n\t\t\t\t\t\t\t<p>Nach der Mauer\u00f6ffnung waren die Simmen und Schwalben ernst zu nehmende &#8222;Gegner&#8220; beim Ampelsprint, der Weg war nun frei, daher musste etwas Gr\u00f6sseres her, was auch f\u00fcr Reisen oder l\u00e4ngere Touren nutzbar sein sollte&#8230;<\/p>\t\t\t\t\t\t<\/div>\n\t\t\t\t<\/div>\n\t\t\t\t<div class=\"elementor-element elementor-element-3d2ce99 elementor-widget elementor-widget-text-editor\" data-id=\"3d2ce99\" data-element_type=\"widget\" data-widget_type=\"text-editor.default\">\n\t\t\t\t<div class=\"elementor-widget-container\">\n\t\t\t\t\t\t\t<p>Zun\u00e4chst den Motorrad-F\u00fchrerschein machen, schon vor Bestehen der Pr\u00fcfung &#8211; die erste PX 200 (Lusso) gekauft.<\/p>\t\t\t\t\t\t<\/div>\n\t\t\t\t<\/div>\n\t\t\t\t<div class=\"elementor-element elementor-element-c5e7ed5 elementor-widget elementor-widget-text-editor\" data-id=\"c5e7ed5\" data-element_type=\"widget\" data-widget_type=\"text-editor.default\">\n\t\t\t\t<div class=\"elementor-widget-container\">\n\t\t\t\t\t\t\t<p>Es folgten eine originale PV (125) als Schn\u00e4ppchen, damals ungefahren, 16 Jahre alt. Dann ergab sich die Gelegenheit, zwei Restaurations-Objekte Vespa 150 Touren, T4 BJ &#8217;59 &amp; &#8217;60 (Augsburg) g\u00fcnstig zu \u00fcbernehmen.<\/p>\t\t\t\t\t\t<\/div>\n\t\t\t\t<\/div>\n\t\t\t\t<div class=\"elementor-element elementor-element-86d2ebb elementor-widget elementor-widget-text-editor\" data-id=\"86d2ebb\" data-element_type=\"widget\" data-widget_type=\"text-editor.default\">\n\t\t\t\t<div class=\"elementor-widget-container\">\n\t\t\t\t\t\t\t<p>Dann eine Rally 200 (erste Serie) zerlegt und neu Lackiert, als &#8218;Schn\u00e4ppchen&#8216; bekommen, wieder auf die Strasse gebracht, dann leider mehrfach verunfallt und schliesslich gegen eine fahrbereite PX200 eingetauscht.<\/p>\t\t\t\t\t\t<\/div>\n\t\t\t\t<\/div>\n\t\t\t\t<div class=\"elementor-element elementor-element-30638d9 elementor-widget elementor-widget-text-editor\" data-id=\"30638d9\" data-element_type=\"widget\" data-widget_type=\"text-editor.default\">\n\t\t\t\t<div class=\"elementor-widget-container\">\n\t\t\t\t\t\t\t<p>Weitere PXen folgten. 2015 kam die erste GTS 300 (Schneewittchen) von Max und 03-2021 eine bis dahin ungefahrene GTS 300 HPE (urspr\u00fcnglich eine Racing Sixties) in gr\u00fcn von 08-2020.<\/p>\t\t\t\t\t\t<\/div>\n\t\t\t\t<\/div>\n\t\t\t\t<div class=\"elementor-element elementor-element-d20bcf3 elementor-widget elementor-widget-text-editor\" data-id=\"d20bcf3\" data-element_type=\"widget\" data-widget_type=\"text-editor.default\">\n\t\t\t\t<div class=\"elementor-widget-container\">\n\t\t\t\t\t\t\t<p>Wie es weiter geht? &#8230; wir werden es erleben!<\/p>\t\t\t\t\t\t<\/div>\n\t\t\t\t<\/div>\n\t\t\t\t\t<\/div>\n\t\t<\/div>\n\t\t\t\t\t\t\t<\/div>\n\t\t<\/section>\n\t\t\t\t<section class=\"elementor-section elementor-top-section elementor-element elementor-element-9a17704 elementor-section-boxed elementor-section-height-default elementor-section-height-default\" data-id=\"9a17704\" data-element_type=\"section\">\n\t\t\t\t\t\t<div class=\"elementor-container elementor-column-gap-default\">\n\t\t\t\t\t<div class=\"elementor-column elementor-col-100 elementor-top-column elementor-element elementor-element-e379e2b\" data-id=\"e379e2b\" data-element_type=\"column\">\n\t\t\t<div class=\"elementor-widget-wrap\">\n\t\t\t\t\t\t\t\t\t<\/div>\n\t\t<\/div>\n\t\t\t\t\t\t\t<\/div>\n\t\t<\/section>\n\t\t\t\t\t\t\t<\/div>\n\t\t","protected":false},"excerpt":{"rendered":"<p>Hi, mein Name ist Oliver, auf dieser Page geht es im Wesentlichen um mein liebstes Hobby: &#8222;Vespa&#8220; in den unterschiedlichsten Auspr\u00e4gungen\u2026 Zum Gl\u00fcck kann ich einige dieser, im Ursprung Italienischen, Zweir\u00e4der mein eigen nennen, und k\u00fcmmere mich um die Pflege, Wartung und Instandsetzung meiner Sch\u00e4tze, wenn ich nicht gerade mit einem davon unterwegs bin\u2026 Im &hellip;<\/p>\n<p class=\"read-more\"> <a class=\"\" href=\"https:\/\/www.vespa-garage-berlin.de\/?page_id=7\"> <span class=\"screen-reader-text\">\u00dcber mich<\/span> Weiterlesen &raquo;<\/a><\/p>\n","protected":false},"author":1,"featured_media":0,"parent":0,"menu_order":0,"comment_status":"closed","ping_status":"closed","template":"","meta":{"site-sidebar-layout":"no-sidebar","site-content-layout":"page-builder","ast-site-content-layout":"","site-content-style":"default","site-sidebar-style":"default","ast-global-header-display":"","ast-banner-title-visibility":"","ast-main-header-display":"","ast-hfb-above-header-display":"","ast-hfb-below-header-display":"","ast-hfb-mobile-header-display":"","site-post-title":"disabled","ast-breadcrumbs-content":"","ast-featured-img":"disabled","footer-sml-layout":"","theme-transparent-header-meta":"default","adv-header-id-meta":"","stick-header-meta":"","header-above-stick-meta":"","header-main-stick-meta":"","header-below-stick-meta":"","astra-migrate-meta-layouts":"","footnotes":""},"_links":{"self":[{"href":"https:\/\/www.vespa-garage-berlin.de\/index.php?rest_route=\/wp\/v2\/pages\/7"}],"collection":[{"href":"https:\/\/www.vespa-garage-berlin.de\/index.php?rest_route=\/wp\/v2\/pages"}],"about":[{"href":"https:\/\/www.vespa-garage-berlin.de\/index.php?rest_route=\/wp\/v2\/types\/page"}],"author":[{"embeddable":true,"href":"https:\/\/www.vespa-garage-berlin.de\/index.php?rest_route=\/wp\/v2\/users\/1"}],"replies":[{"embeddable":true,"href":"https:\/\/www.vespa-garage-berlin.de\/index.php?rest_route=%2Fwp%2Fv2%2Fcomments&post=7"}],"version-history":[{"count":107,"href":"https:\/\/www.vespa-garage-berlin.de\/index.php?rest_route=\/wp\/v2\/pages\/7\/revisions"}],"predecessor-version":[{"id":3977,"href":"https:\/\/www.vespa-garage-berlin.de\/index.php?rest_route=\/wp\/v2\/pages\/7\/revisions\/3977"}],"wp:attachment":[{"href":"https:\/\/www.vespa-garage-berlin.de\/index.php?rest_route=%2Fwp%2Fv2%2Fmedia&parent=7"}],"curies":[{"name":"wp","href":"https:\/\/api.w.org\/{rel}","templated":true}]}}